actor of 83667632?
True
Does 33 divide 1526832654?
False
Does 6 divide 1223545157?
False
Is 48904565 a multiple of 269?
False
Is 525 a factor of 553010850?
True
Is 20 a factor of 68887088?
False
Is 4396120 a multiple of 20?
True
Is 394 a factor of 51361705?
False
Is 694 a factor of 68254206?
True
Is 604252276 a multiple of 700?
False
Is 20966202 a multiple of 782?
True
Does 12 divide 1881102?
False
Is 2086772589 a multiple of 759?
True
Does 11 divide 16213516?
True
Is 21997912 a multiple of 7?
False
Is 436 a factor of 21482156?
True
Is 1021 a factor of 2643408819?
True
Does 656 divide 108373327?
False
Is 2467 a factor of 3267909083?
True
Is 637 a factor of 2285413949?
True
Is 130101204 a multiple of 4129?
False
Does 303 divide 58235085?
True
Is 48 a factor of 1646171040?
True
Does 2884 divide 1844478324?
False
Does 10 divide 4807976290?
True
Is 5 a factor of 15566865?
True
Does 3234 divide 1009179402?
True
Is 149052618 a multiple of 237?
True
Does 2084 divide 1684253372?
True
Is 40965912 a multiple of 13?
True
Is 210510207 a multiple of 1848?
False
Is 55 a factor of 58947075?
True
Is 23 a factor of 6821800?
True
Does 4 divide 21312885?
False
Does 14 divide 2061920076?
False
Is 1586 a factor of 44588804?
True
Does 63 divide 103324788?
True
Is 404 a factor of 146134072?
True
Does 6 divide 693662442?
True
Is 1476219467 a multiple of 47?
False
Is 23430910 a multiple of 10?
True
Does 95 divide 11429458?
False
Does 4449 divide 121960437?
True
Does 64 divide 8767808?
True
Does 42 divide 58250011?
False
Is 89573921 a multiple of 19?
False
Is 207890127 a multiple of 17?
True
Is 65818524 a multiple of 4?
True
Is 7 a factor of 9964311?
True
Is 473479040 a multiple of 160?
True
Is 2020115750 a multiple of 10?
True
Is 112959036 a multiple of 1004?
True
Is 6780353 a multiple of 1077?
False
Is 9126270 a multiple of 855?
True
Is 69 a factor of 17449893?
True
Is 14 a factor of 2465600446?
False
Does 2764 divide 1627890349?
False
Is 222034644 a multiple of 52?
True
Is 11358024 a multiple of 232?
True
Does 68 divide 263748132?
True
Does 8 divide 43017592?
True
Does 10 divide 2699451610?
True
Does 47 divide 4073990?
False
Does 68 divide 6510729972?
True
Does 36 divide 44733206?
False
Is 2425 a factor of 821439650?
True
Does 7 divide 4083828015?
False
Is 10416179 a multiple of 349?
False
Is 1026593727 a multiple of 4079?
False
Is 37 a factor of 554141970?
True
Does 11 divide 98073173?
True
Does 22 divide 43325873?
False
Is 887345562 a multiple of 648?
False
Does 4552 divide 1431989037?
False
Is 46352597 a multiple of 37?
False
Is 930416350 a multiple of 3331?
False
Is 129 a factor of 272249708?
False
Does 6420 divide 232888978?
False
Is 151897152 a multiple of 649?
True
Does 1931 divide 4477989?
True
Does 147 divide 1516161087?
True
Is 815182616 a multiple of 26?
False
Is 3578427220 a multiple of 10?
True
Is 34648023 a multiple of 3?
True
Is 238 a factor of 236039118?
True
Is 429 a factor of 126924005?
False
Is 54 a factor of 19325416?
False
Does 20 divide 2457087440?
True
Is 466466877 a multiple of 21?
False
Is 131420280 a multiple of 10?
True
Does 34 divide 6790276?
True
Is 484404 a multiple of 7?
False
Does 3 divide 695362?
False
Is 2 a factor of 91983090?
True
Is 32191691 a multiple of 32?
False
Does 635 divide 1835424227?
False
Is 25 a factor of 3907064900?
True
Does 13 divide 237672404?
False
Does 1011 divide 53521329?
True
Is 7 a factor of 223162443?
True
Is 37 a factor of 75442844?
False
Is 2275 a factor of 180614525?
True
Is 402 a factor of 167577396?
False
Is 29139938 a multiple of 34?
True
Is 920747790 a multiple of 13?
False
Is 5 a factor of 38424900?
True
Does 128 divide 179551529?
False
Does 8 divide 83349352?
True
Is 228686904 a multiple of 12?
True
Is 24 a factor of 139180320?
True
Does 108 divide 57508488?
True
Is 38 a factor of 1562641130?
True
Is 2046717268 a multiple of 254?
True
Does 403 divide 396527094?
False
Is 38 a factor of 10027983?
False
Is 8 a factor of 9510155?
False
Does 33 divide 74195532?
False
Does 116 divide 40954207?
False
Is 4 a factor of 264119520?
True
Is 264420438 even?
True
Does 3689 divide 462882463?
False
Does 61 divide 107055?
True
Is 10677096 a multiple of 22?
False
Does 11 divide 585478705?
False
Does 31 divide 193735833?
True
Is 836560200 a multiple of 600?
True
Is 94 a factor of 3191920870?
True
Is 12 a factor of 323505576?
True
Is 2845099 a multiple of 56?
False
Is 11 a factor of 143657382?
True
Does 1856 divide 299276288?
True
Is 369348956 a multiple of 862?
False
Is 18 a factor of 65516310?
True
Is 8677040 a multiple of 40?
True
Is 17 a factor of 49398932?
False
Is 782060917 a multiple of 11?
True
Does 4282 divide 506188544?
False
Does 386 divide 5813160?
True
Does 4 divide 216839408?
True
Is 8457 a factor of 1068685719?
True
Does 1829 divide 259489375?
True
Does 2410 divide 305118417?
False
Does 1271 divide 1226868338?
True
Is 152 a factor of 304070277?
False
Is 62541534 a multiple of 59?
True
Is 17 a factor of 1977406?
True
Is 16746 a factor of 2144660220?
True
Is 44511813 a multiple of 57?
True
Is 251012372 a multiple of 7?
False
Does 9 divide 3201285969?
True
Does 5 divide 8740550?
True
Is 29020953 a multiple of 3?
True
Does 22 divide 210944671?
False
Does 34 divide 1181733444?
True
Does 184 divide 21497088?
True
Does 16 divide 16414508?
False
Is 22086634 a multiple of 98?
False
Is 67 a factor of 31064647?
False
Is 39314462 a multiple of 22?
True
Is 143 a factor of 74468543?
False
Does 45 divide 846090450?
True
Is 17 a factor of 990436791?
False
Is 650 a factor of 514726691?
False
Is 1145092624 a multiple of 338?
True
Is 438469603 a multiple of 7?
False
Is 533 a factor of 155172612?
False
Does 4 divide 15528470?
False
Is 87 a factor of 46355862?
True
Is 49615493 a multiple of 38?
False
Is 868750631 a multiple of 8701?
False
Is 143678731 a multiple of 7?
True
Does 449 divide 283943892?
False
Is 45287880 a multiple of 220?
True
Does 291 divide 836173368?
True
Is 1036 a factor of 271676488?
False
Does 543 divide 7569387?
False
Is 452 a factor of 88453595?
False
Is 8 a factor of 2816631117?
False
Does 171 divide 2415843882?
True
Is 47 a factor of 24108631?
False
Is 59780824 a multiple of 22?
False
Does 69 divide 866450156?
False
Is 649409665 a multiple of 71?
True
Is 82245961 a multiple of 14?
False
Is 6 a factor of 156794618?
False
Is 70201911 a multiple of 39?
True
Does 52 divide 5761667?
False
Is 76 a factor of 3903553800?
True
Is 30 a factor of 456190142?
False
Is 5151609 a multiple of 54?
False
Is 571498125 a multiple of 165?
True
Is 10381534 a multiple of 540?
False
Is 2387 a factor of 2049267079?
False
Is 6 a factor of 1615104852?
True
Is 29 a factor of 29310532?
True
Is 35199330 a multiple of 12?
False
Is 2 a factor of 292043755?
False
Is 17 a factor of 307216656?
True
Is 41988817 a multiple of 121?
False
Is 55 a factor of 5342590?
True
Does 155 divide 4958915?
True
Does 28 divide 10773924?
True
Is 322204930 a multiple of 230?
True
Is 116280918 a multiple of 9?
True
Is 1222 a factor of 423220148?
True
Is 166156653 a multiple of 57?
True
Is 65626344 a multiple of 56?
True
Does 15 divide 59484210?
True
Is 12 a factor of 65832354?
False
Is 218 a factor of 289085876?
True
Is 74 a factor of 19092396?
False
Is 34 a factor of 143915115?
False
Is 26015236 a multiple of 884?
True
Is 1131875464 a multiple of 1208?
True
Is 378 a factor of 705787193?
False
Does 86 divide 596659040?
False
Is 3008142250 a multiple of 250?
True
Is 61 a factor of 176969661?
False
Does 35 divide 19020260?
True
Is 1681648023 a multiple of 18?
False
Does 35 divide 32178020?
True
Does 9 divide 5449659?
False
Is 21562580 a multiple of 62?
False
Does 1655 divide 123261939?
False
Is 234 a factor of 16566684?
False
Is 449376063 a multiple of 138?
False
Is 5094 a factor of 1063778449?
False
Is 617860043 a multiple of 3490?
False
Does 398 divide 22680428?
True
Is 320 a factor of 1129622589?
False
Is 66 a factor of 22355328?
False
Does 361 divide 236602905?
False
Does 437 divide 93630309?
True
Is 17633636 a multiple of 689?
False
Does 605 divide 27083681?
False
Is 911833766 a multiple of 3950?
False
Is 102951031 a multiple of 527?
True
Is 2450 a factor of 447659441?
False
Does 1338 divide 255972780?
True
Is 80 a factor of 33288245?
False
Is 15 